or of 3772 and 15744.
164
Calculate the greatest common factor of 60192 and 1026.
342
What is the highest common divisor of 10040 and 40?
40
What is the greatest common divisor of 547149 and 6504?
813
What is the highest common divisor of 4884 and 627?
33
What is the greatest common factor of 45020 and 200?
20
Calculate the greatest common divisor of 1450 and 3950.
50
What is the greatest common factor of 107268 and 210?
42
Calculate the greatest common divisor of 1193734 and 2181.
727
What is the greatest common factor of 11514 and 8094?
114
What is the highest common factor of 329217 and 7?
7
What is the highest common divisor of 482702 and 154?
22
What is the greatest common divisor of 3 and 153804?
3
What is the greatest common factor of 132 and 408452?
44
Calculate the highest common factor of 176 and 281864.
88
What is the highest common factor of 219 and 541587?
219
Calculate the highest common divisor of 260690 and 64190.
1310
Calculate the highest common factor of 1102 and 1622144.
1102
What is the highest common factor of 21 and 4178307?
21
Calculate the highest common factor of 3668 and 21484.
524
What is the highest common divisor of 456533 and 1029?
343
Calculate the greatest common divisor of 152082 and 8094.
426
What is the highest common factor of 5516 and 47477?
197
Calculate the highest common factor of 59028 and 36.
12
Calculate the greatest common divisor of 79474 and 790.
158
What is the highest common divisor of 5877 and 117?
9
Calculate the highest common divisor of 12432 and 462.
42
Calculate the greatest common factor of 34748 and 653058.
1022
Calculate the highest common divisor of 50 and 23950.
50
What is the greatest common factor of 8109 and 93969?
477
What is the greatest common factor of 2260 and 15?
5
Calculate the greatest common divisor of 12 and 30572.
4
What is the greatest common divisor of 252 and 69636?
84
Calculate the greatest common divisor of 24437 and 273.
7
Calculate the highest common divisor of 90345 and 33630.
285
Calculate the highest common factor of 4832 and 864.
32
What is the highest common divisor of 145 and 18763?
29
What is the greatest common factor of 32 and 595344?
16
What is the highest common factor of 818597 and 26?
13
Calculate the greatest common divisor of 12 and 274488.
12
What is the greatest common factor of 330576 and 142?
142
Calculate the greatest common divisor of 20263 and 5.
1
Calculate the highest common divisor of 108 and 1971612.
36
What is the highest common divisor of 45492 and 5712?
204
What is the highest common factor of 13192 and 97000?
776
What is the greatest common divisor of 380369 and 1057?
151
What is the greatest common divisor of 139 and 10981?
139
What is the highest common factor of 98 and 19418?
14
Calculate the greatest common divisor of 3934 and 2142.
14
Calculate the highest common divisor of 3842 and 2074.
34
Calculate the highest common divisor of 3135 and 471504.
627
What is the greatest common factor of 64 and 64096?
32
What is the highest common factor of 436932 and 288?
36
Calculate the highest common factor of 620 and 521420.
620
What is the highest common divisor of 130 and 4394?
26
What is the greatest common divisor of 206976 and 8052?
132
Calculate the greatest common divisor of 1034 and 6281.
11
What is the greatest common divisor of 462 and 235158?
462
What is the highest common factor of 435 and 2699175?
435
What is the greatest common factor of 282 and 2726?
94
What is the highest common divisor of 11265 and 30?
15
Calculate the greatest common factor of 36 and 44.
4
What is the highest common factor of 125009 and 287?
41
Calculate the greatest common divisor of 2295 and 1440.
45
Calculate the greatest common factor of 2524554 and 54.
54
What is the highest common factor of 167949 and 144?
9
Calculate the highest common divisor of 180 and 44470.
10
Calculate the highest common divisor of 358 and 372.
2
Calculate the greatest common divisor of 678 and 196394.
226
Calculate the highest common divisor of 85 and 779433.
17
What is the greatest common factor of 26 and 6318?
26
Calculate the highest common factor of 10460 and 8891.
523
What is the greatest common factor of 148 and 68044?
4
What is the greatest common divisor of 28 and 186998?
14
Calculate the highest common factor of 10 and 15550.
10
Calculate the greatest common factor of 151085 and 1005.
335
What is the greatest common divisor of 28 and 7238?
14
Calculate the greatest common divisor of 1514 and 977287.
757
What is the highest common factor of 80 and 390956?
4
What is the highest common factor of 3424 and 1242484?
428
What is the greatest common factor of 10894 and 63688?
838
Calculate the highest common factor of 156 and 34827.
39
Calculate the highest common divisor of 26 and 158977.
13
Calculate the greatest common divisor of 348 and 6931.
29
What is the greatest common factor of 33293 and 7267?
169
Calculate the greatest common divisor of 91093 and 34641.
1283
What is the highest common factor of 239090 and 290?
10
Calculate the greatest common divisor of 210 and 4242.
42
What is the greatest common divisor of 2240 and 54080?
320
What is the greatest common divisor of 2655 and 206559?
531
Calculate the highest common divisor of 3024994 and 28.
14
What is the highest common factor of 278874 and 36?
18
What is the highest common divisor of 346 and 1609938?
346
What is the highest common factor of 22 and 518782?
22
Calculate the highest common divisor of 240 and 708.
12
What is the greatest common divisor of 14550 and 6450?
150
Calculate the highest common factor of 6928515 and 495.
495
What is the highest common divisor of 1408 and 3677344?
352
Calculate the greatest common factor of 1048288 and 235.
47
What is the greatest common factor of 40979 and 86?
43
What is the greatest common divisor of 172 and 111886?
86
Calculate the highest common factor of 12648 and 103326.
102
Calculate the highest common factor of 312 and 193688.
8
What is the greatest common divisor of 605 and 2255?
55
What is the highest common divisor of 11235 and 30135?
105
Calculate the greatest common divisor of 19399 and 76.
19
Calculate the highest common divisor of 15420 and 2340.
60
Calculate the greatest common factor of 144 and 1072.
16
What is the greatest common divisor of 281142 and 18?
18
Calculate the greatest common divisor of 172596 and 24.
12
Calculate the greatest common factor of 288094 and 3962.
566
What is the greatest common divisor of 970 and 733805?
485
Calculate the greatest common divisor of 219025 and 175.
25
Calculate the highest common factor of 9 and 36459.
9
Calculate the greatest common factor of 1232 and 2541.
77
Calculate the highest common divisor of 153360 and 50.
10
What is the greatest common divisor of 10690 and 2020?
10
Calculate the greatest common factor of 1156 and 108.
4
What is the highest common divisor of 5373 and 6368?
199
Calculate the greatest common factor of 457 and 17.
1
Calculate the highest common factor of 856200 and 1900.
100
What is the greatest common divisor of 6 and 3793782?
6
What is the highest common factor of 936 and 26442?
234
What is the highest common divisor of 300060 and 63?
9
What is the greatest common factor of 94911 and 153?
51
What is the greatest common divisor of 8602 and 15895?
187
Calculate the highest common factor of 1790 and 4850.
10
What is the highest common divisor of 5831 and 5117?
119
What is the greatest common factor of 1500 and 324?
12
Calculate the highest common divisor of 447770 and 10.
10
What is the greatest common divisor of 3014 and 309346?
274
Calculate the greatest common factor of 1560 and 8760.
120
What is the highest common divisor of 630 and 8330?
70
Calculate the greatest common divisor of 2000 and 1424.
16
Calculate the greatest common divisor of 23 and 150581.
23
What is the highest common divisor of 510 and 60333?
51
Calculate the greatest common factor of 16 and 4994928.
16
What is the highest common divisor of 150967 and 1?
1
Calculate the highest common divisor of 32079 and 9248.
289
What is the highest common factor of 13547 and 1121?
19
Calculate the greatest common factor of 1603916 and 3296.
412
What is the highest common divisor of 897000 and 5382?
1794
What is the greatest common fac